+ j - 111. Suppose -9*r = 23 + 49. Let s be (0/(-2) - r)*(-14 + 24). Calculate the greatest common divisor of j and s.
16
Let o = 1738 + -295. Suppose -5*g + o - 419 = 4*v, 4*v + 16 = 0. What is the greatest common factor of g and 26?
26
Let h = -12 + 78. Suppose -52 = -5*d - 27. Suppose 3*t + 159 = -4*u + d*u, 0 = 5*u - 5*t - 815. Calculate the highest common factor of u and h.
33
Let a be (-3)/(3/(-20)) + -1. Suppose 3*g - 5*d - 764 = -117, 4*g - 3*d - 848 = 0. What is the greatest common divisor of g and a?
19
Suppose 0*f + 4*f = 16. Suppose -h + f*h = -153. Let s = 71 + h. What is the highest common divisor of s and 8?
4
Let h(p) = 4*p - 10. Suppose -5*i = -20, 4*i = -x - 3*x + 40. Let n be h(x). What is the highest common factor of n and 14?
14
Suppose 4*i - 67*i + 20412 = 0. Calculate the highest common factor of i and 270.
54
Suppose -390*d - 1566 = -393*d. What is the highest common factor of d and 290?
58
Let q(r) = r**2 - 2*r - 4. Let v be q(6). Let u be (-109*(-4)/8)/((-1)/2). Let f = -104 - u. What is the greatest common factor of f and v?
5
Let l(r) = 12*r**2 - 2*r - 3. Let d be l(-2). What is the highest common divisor of d and 1?
1
Let g = -66 - -53. Let q = g + 21. Calculate the greatest common factor of q and 88.
8
Let i = 5 - 10. Let c be ((-8)/i)/((-9)/45). Let p(w) = w**2 + 5*w - 18. Let a be p(c). What is the highest common divisor of 9 and a?
3
Let i(u) = 65*u**3 - u + 1. Let s be i(1). Let o be s/(-2)*36/(-15). What is the highest common divisor of o and 26?
26
Suppose -u = f - 35, -u + 3*f + 10 = -25. Suppose -2*m + 0*m = r - 56, m - u = 3*r. Calculate the highest common divisor of 29 and m.
29
Suppose 5*o - 546 = -2*r + 709, -r + 5*o + 665 = 0. What is the greatest common divisor of 20 and r?
20
Let s = 5 + 10. Suppose -4*h = h - s. Suppose w + 5*c - 1 = 4*w, -3*w = c - 11. Calculate the greatest common factor of w and h.
3
Let o(c) = -c + 35. Let n be o(0). Let i(l) = 10*l**2 + 18*l + 98. Let v be i(-6). Calculate the highest common divisor of n and v.
35
Let j(x) be the third derivative of x**6/120 + 3*x**5/20 - 5*x**4/24 - 5*x**3/6 - 7*x**2. Let u be j(-9). What is the greatest common factor of u and 4?
4
Let v(f) = -9*f - 4. Let a be v(-1). Suppose 0 = a*o + 2*r - 124, -o - 5*r + 14 = -20. Calculate the highest common factor of 6 and o.
6
Suppose 44 = k + 3*k + 4*l, 4*k = -3*l + 43. Let g(w) = -4 + 15 + 8 - 26*w + w**2 + 11. Let a be g(26). Calculate the highest common factor of k and a.
10
Let v(b) = -b**3 + 12*b**2 - 6*b + 10. Let i be v(11). What is the greatest common factor of i and 130?
65
Suppose p + 315 = 6*p - 5*h, 294 = 5*p + 2*h. Calculate the greatest common factor of p and 75.
15
Let j(o) = -2*o**2 - 18*o - 4. Let x be j(-2). What is the greatest common factor of 42 and x?
6
Suppose -29*g = -33*g + 84. Let m be (279/g + 3)/((-4)/(-28)). What is the highest common factor of 38 and m?
38
Let k = -44 - -69. Suppose 3*x - 17 = k. What is the greatest common divisor of 70 and x?
14
Suppose -6 = -7*b + 4*b. Suppose k = -b + 4. Let t(d) = 4*d**2 - 2*d + 3. Let f be t(k). Calculate the highest common divisor of 165 and f.
15
Suppose -x - w + 22 = -3*w, -4*x + 3*w + 113 = 0. Calculate the greatest common divisor of x and 68.
4
Suppose -f + 2*b + 257 = 0, -4*f - 2*b = -b - 983. What is the greatest common factor of 26 and f?
13
Let h(x) = -x**2 + 6*x - 14. Let a be h(6). Let p(i) = 2*i**2 + 11*i + 32. Let u be p(a). Calculate the highest common divisor of u and 10.
10
Suppose -141 = -5*c + 39. Suppose -c = l - 5*l. What is the highest common divisor of l and 81?
9
Suppose -q = 5*x - 82, -3*x - 4*q = -x - 22. Let h(z) = -10*z + 387. Let s be h(37). Calculate the greatest common divisor of s and x.
17
Let o be (-252)/(-30) - 4/10. Let m be 10/o + (-27)/(-36). Calculate the greatest common divisor of m and 6.
2
Suppose 2*c = -3*c. Let k be (-1 - -3) + c - -38. Suppose 0 = 6*l - 3*l - 18 - 30. What is the greatest common factor of l and k?
8
Suppose w - 6*w = -5*g, 4*g = -w + 10. Suppose -g*v - 3*v = -65. Let i = -7 + v. Calculate the greatest common factor of i and 15.
3
Suppose -4*c + 78 = -c. Suppose 8*o + 780 = 20*o. What is the greatest common divisor of o and c?
13
Let c(u) = -u**3 - 3*u**2 - u + 1. Let h be c(-3). Let x = 12 - h. Let a = 37 + x. Calculate the greatest common divisor of a and 18.
9
Let s(h) = 29*h**2 - 7*h - 8. Let c be s(-2). Let m = c - 64. Calculate the highest common factor of m and 29.
29
Suppose -3*g + 8 = 3*t - 7, -2*t = -g + 2. Let j(z) = 3*z - 8. Let q be j(4). Suppose -q*m - 84 = -7*m. Calculate the greatest common factor of g and m.
4
Let p(b) = 14*b**2 - 24 + 10 + 7 + 9 - 4*b. Let d be p(1). Calculate the greatest common divisor of 84 and d.
12
Let c(u) = 104*u**2 + 3*u - 2. Suppose -y = 13 - 14. Let v be c(y). Let z be (-29)/(-2) - 2/(-4). What is the highest common factor of v and z?
15
Let k(d) = -136*d - 319. Let o be k(-4). Calculate the highest common divisor of o and 9.
9
Let i(u) = u**2 + 3*u - 45. Let d be i(8). Calculate the highest common divisor of 473 and d.
43
Suppose 154 = 6*q - 314. Suppose -25 = -5*c - 5*f, -5*c - f - 31 = -10*c. What is the greatest common factor of q and c?
6
Suppose 0 = -2*g + 5*g - z + 143, 44 = -g + 4*z. Let p = 49 + g. Suppose 11 = 4*m - l, 0 = l + 2 + 1. Calculate the greatest common factor of m and p.
1
Suppose 0*s - s = 2. Let o be (-49)/2*10/(-8 + 3). Let p be -4 + o - 6/s. Calculate the greatest common factor of 32 and p.
16
Let v(t) = 4*t + 2. Suppose -g + 3 = -1. Suppose 3*h - d = -4*d - 9, -5*d = g*h + 17. Let w be v(h). Calculate the greatest common divisor of w and 70.
10
Let m(g) = 7*g + 119. Let v be m(9). What is the highest common divisor of v and 42?
14
Let w(h) = -30*h - 32. Let l be w(-5). Suppose l = 4*m - a + 6*a, 0 = 5*m + 2*a - 156. Calculate the greatest common divisor of 256 and m.
32
Suppose 0*w + 2*w - 4*b = 80, 0 = 4*b - 12. Suppose 2*l = y + w, y + 5 = l - 4*y. Let f = l - 20. What is the greatest common factor of 5 and f?
5
Suppose -z + 12 = -4*p - 7, -3*p - 63 = -2*z. Calculate the highest common factor of z and 247.
13
Suppose 46*s = 25*s + 126. Suppose 3*o + 398 - 1109 = 0. Suppose -2*r + 2 = 0, 5*g - 3*r = -0*r + o. What is the greatest common factor of s and g?
6
Let k = 10 + -7. Suppose 0 = -3*m - 2*z - 46, -4*m - 2*z + 7*z - 23 = 0. Let t = m + 15. What is the greatest common factor of k and t?
3
Let y = 17 - 12. Suppose -15 = -5*g, 36 = y*k - 2*g + 4*g. Suppose 0 = -12*q - 49 + 697. What is the greatest common factor of q and k?
6
Suppose 5*d - i + 76 - 125 = 0, 2*d = i + 19. What is the greatest common factor of 125 and d?
5
Suppose 10*q - 22 - 8 = 0. Calculate the highest common divisor of q and 15.
3
Let t = -815 + 950. Calculate the highest common factor of 81 and t.
27
Let a = 89 - 85. Let m be (6/1)/3 - -2. What is the greatest common factor of m and a?
4
Let n be (6/4)/(5*(-3)/(-900)). Calculate the greatest common factor of n and 144.
18
Let x(c) = 2*c**3 - 3*c**2 - c + 2. Let n be x(2). Let k be 2/(9/(342/n)). Calculate the greatest common factor of k and 190.
19
Let g be 8/(-12)*(-19 + 1). Let l be -2*(-6)/(g/5). What is the greatest common factor of l and 55?
5
Let w be 512/14 - (-3 + 200/56). Let h(p) = 12*p. Let n = -1 - -2. Let u be h(n). Calculate the highest common factor of u and w.
12
Let y = 26 - 29. Let w = 61 + y. What is the greatest common factor of 29 and w?
29
Let u(i) = -i**3 + i**2 + 10*i + 24. Let p be u(4). What is the greatest common divisor of p and 1168?
16
Let g be (-1)/(3/18) + -1. Let j be 0/g + 24 + 1. Suppose 0 = -2*o - 2*o - 4*c + 64, 0 = -o + 2*c + j. Calculate the highest common factor of 38 and o.
19
Suppose 4*p - 7 = 2*p + h, -3*p + h + 9 = 0. Suppose p*q + 20 = 6*q. Calculate the highest common factor of q and 35.
5
Suppose -2*c = -5*x + 144, -2*c = 4 - 0. Let i(m) = 2*m**2 + 5*m - 7. Let v be i(-4). Let n = v + 2. What is the greatest common divisor of x and n?
7
Let i be (-702)/(-4) - ((-21)/7)/(-6). What is the highest common divisor of i and 50?
25
Suppose 16*t = 434 + 3086. What is the greatest common divisor of t and 77?
11
Let z(o) = o. Let x be z(4). Suppose 4*w - w - 226 = -x*v, -6 = -3*w. Calculate the highest common factor of 11 and v.
11
Let t = 79